{"id":778,"date":"2016-05-11T21:13:23","date_gmt":"2016-05-11T21:13:23","guid":{"rendered":"http:\/\/162.241.140.166\/~superhairfactory\/__production\/website\/product\/tape-hair-extensions-silky-straight-20-tabs\/"},"modified":"2016-06-09T21:29:47","modified_gmt":"2016-06-09T21:29:47","slug":"tape-hair-extensions-silky-straight-20-tabs","status":"publish","type":"product","link":"http:\/\/162.241.140.166\/~superhairfactory\/__production\/website\/product\/tape-hair-extensions-silky-straight-20-tabs\/","title":{"rendered":"Tape Hair Extensions &#8211; Ombr\u00e9\/Sombr\u00e9 Silky Straight (20 Tabs)"},"content":{"rendered":"<p>SuperRemi\u00ae\u00a0<b>Tape Hair Extensions<\/b>\u00a0are made of the highest quality human hair available in the market today. Our tape hair extensions are equipped with our exclusive high-tech adhesive tape to guarantee a firm and long lasting bonding. This 100% human remi hair is aligned with cuticles in the same direction for a tangle free guaranteed experience.<\/p>\n<p><b>SILKY STRAIGHT<\/b>\u00a0is ideal for those who desire a sleek, straight look. It is a very low maintenance style. It can also be curled for more body or for a different look.<\/p>\n<p><b>OMBR\u00c9\/SOMBR\u00c9<\/b>\u00a0colors are darker at the root and highlighted lighter at the tips. While ombr\u00e9 features two colors that can greatly differ, sombr\u00e9 (a portmanteu of subtle + ombr\u00e9) has a more natural effect because the lighter\/darker shades are much closer in color.<\/p>\n<p><b>Size:<\/b>\u00a040mmx8mm\/Tab, 20 Tabs\/2 ounces of 18&#8243; hair.<\/p>\n<p><strong>Color Fade: <\/strong>7&#8243; root color, 4&#8243; color transition, 7&#8243; highlighted tip color.<\/p>\n<p><b>Application Instructions:<\/b><\/p>\n<p>Cleanse scalp hair with clarifying shampoo to remove oil and all other possible buildups. Dry scalp hair thoroughly, especially scalp and root area. Then, section scalp hair with a horizontal straight part.<\/p>\n<p><b>STEP 1:<\/b>\u00a0Remove the tape and place the adhesive side of tape hair extensions to the lower portion of the part line, 1\/8&#8243; from scalp. Press firmly.<\/p>\n<p><b>STEP 2:<\/b>\u00a0This step is optional and desirable for those who need thicker hair extensions. Flip over the unit toward the upper portion of the part line. You will see the scalp hair that is adhered to the unit. Then add another piece of tape hair extensions back-to-back to sandwich the scalp hair between two tape units. Press firmly.<\/p>\n<p>Repeat step 1 or both steps where you desire to add extra tape hair extensions. Press firmly and then place the hair to its normal position. Wait at least 48 hours after the application before you first wash your hair and tape hair extensions.<\/p>\n<p><b>&#8220;If you dream about superior quality, long-lasting soft human hair full of body and natural luster, then you have found the hair of your dreams.&#8221;<\/b><\/p>\n<p><b>*We finally have some fancy neon colors available; Red, Blue, Orange, Pink and Purple.*<\/b><\/p>\n<p><b>**GOOD NEWS for people who have been waiting for those cool blonde colors and color combinations. They are available ONLY at Super Hair Factory.**<\/b><\/p>\n","protected":false},"excerpt":{"rendered":"<p>SuperRemi\u00ae\u00a0Tape Hair Extensions\u00a0are made of the highest quality human hair available in the market today. Our tape hair extensions are equipped with our exclusive high-tech adhesive tape to guarantee a<\/p>\n<p class=\"read-more\" ><a href=\"http:\/\/162.241.140.166\/~superhairfactory\/__production\/website\/product\/tape-hair-extensions-silky-straight-20-tabs\/\">Read More >><\/a><\/p>\n","protected":false},"featured_media":802,"comment_status":"closed","ping_status":"closed","template":"","meta":{"_links_to":"","_links_to_target":""},"product_brand":[],"product_cat":[82],"product_tag":[],"class_list":{"0":"post-778","1":"product","2":"type-product","3":"status-publish","4":"has-post-thumbnail","6":"product_cat-superremi-tape-ins","8":"first","9":"instock","10":"featured","11":"taxable","12":"shipping-taxable","13":"purchasable","14":"product-type-simple"},"yoast_head":"<!-- This site is optimized with the Yoast SEO plugin v27.4 - https:\/\/yoast.com\/product\/yoast-seo-wordpress\/ -->\n<title>Tape Hair Extensions - Ombr\u00e9\/Sombr\u00e9 Silky Straight (20 Tabs) - Super Hair Factory Inc.<\/title>\n<meta name=\"robots\" content=\"index, follow, max-snippet:-1, max-image-preview:large, max-video-preview:-1\" \/>\n<link rel=\"canonical\" href=\"http:\/\/162.241.140.166\/~superhairfactory\/__production\/website\/product\/tape-hair-extensions-silky-straight-20-tabs\/\" \/>\n<meta property=\"og:locale\" content=\"en_US\" \/>\n<meta property=\"og:type\" content=\"article\" \/>\n<meta property=\"og:title\" content=\"Tape Hair Extensions - Ombr\u00e9\/Sombr\u00e9 Silky Straight (20 Tabs) - Super Hair Factory Inc.\" \/>\n<meta property=\"og:description\" content=\"SuperRemi\u00ae\u00a0Tape Hair Extensions\u00a0are made of the highest quality human hair available in the market today. Our tape hair extensions are equipped with our exclusive high-tech adhesive tape to guarantee aRead More &gt;&gt;\" \/>\n<meta property=\"og:url\" content=\"http:\/\/162.241.140.166\/~superhairfactory\/__production\/website\/product\/tape-hair-extensions-silky-straight-20-tabs\/\" \/>\n<meta property=\"og:site_name\" content=\"Super Hair Factory Inc.\" \/>\n<meta property=\"article:modified_time\" content=\"2016-06-09T21:29:47+00:00\" \/>\n<meta property=\"og:image\" content=\"http:\/\/162.241.140.166\/~superhairfactory\/__production\/website\/wp-content\/uploads\/Tape-In-Hair-Extensions-Ombre-Sombre-Silky-Straight.jpg\" \/>\n\t<meta property=\"og:image:width\" content=\"432\" \/>\n\t<meta property=\"og:image:height\" content=\"620\" \/>\n\t<meta property=\"og:image:type\" content=\"image\/jpeg\" \/>\n<meta name=\"twitter:label1\" content=\"Est. reading time\" \/>\n\t<meta name=\"twitter:data1\" content=\"2 minutes\" \/>\n<script type=\"application\/ld+json\" class=\"yoast-schema-graph\">{\"@context\":\"https:\\\/\\\/schema.org\",\"@graph\":[{\"@type\":\"WebPage\",\"@id\":\"http:\\\/\\\/162.241.140.166\\\/~superhairfactory\\\/__production\\\/website\\\/product\\\/tape-hair-extensions-silky-straight-20-tabs\\\/\",\"url\":\"http:\\\/\\\/162.241.140.166\\\/~superhairfactory\\\/__production\\\/website\\\/product\\\/tape-hair-extensions-silky-straight-20-tabs\\\/\",\"name\":\"Tape Hair Extensions - Ombr\u00e9\\\/Sombr\u00e9 Silky Straight (20 Tabs) - Super Hair Factory Inc.\",\"isPartOf\":{\"@id\":\"http:\\\/\\\/162.241.140.166\\\/~superhairfactory\\\/__production\\\/website\\\/#website\"},\"primaryImageOfPage\":{\"@id\":\"http:\\\/\\\/162.241.140.166\\\/~superhairfactory\\\/__production\\\/website\\\/product\\\/tape-hair-extensions-silky-straight-20-tabs\\\/#primaryimage\"},\"image\":{\"@id\":\"http:\\\/\\\/162.241.140.166\\\/~superhairfactory\\\/__production\\\/website\\\/product\\\/tape-hair-extensions-silky-straight-20-tabs\\\/#primaryimage\"},\"thumbnailUrl\":\"http:\\\/\\\/162.241.140.166\\\/~superhairfactory\\\/__production\\\/website\\\/wp-content\\\/uploads\\\/Tape-In-Hair-Extensions-Ombre-Sombre-Silky-Straight.jpg\",\"datePublished\":\"2016-05-11T21:13:23+00:00\",\"dateModified\":\"2016-06-09T21:29:47+00:00\",\"breadcrumb\":{\"@id\":\"http:\\\/\\\/162.241.140.166\\\/~superhairfactory\\\/__production\\\/website\\\/product\\\/tape-hair-extensions-silky-straight-20-tabs\\\/#breadcrumb\"},\"inLanguage\":\"en-US\",\"potentialAction\":[{\"@type\":\"ReadAction\",\"target\":[\"http:\\\/\\\/162.241.140.166\\\/~superhairfactory\\\/__production\\\/website\\\/product\\\/tape-hair-extensions-silky-straight-20-tabs\\\/\"]}]},{\"@type\":\"ImageObject\",\"inLanguage\":\"en-US\",\"@id\":\"http:\\\/\\\/162.241.140.166\\\/~superhairfactory\\\/__production\\\/website\\\/product\\\/tape-hair-extensions-silky-straight-20-tabs\\\/#primaryimage\",\"url\":\"http:\\\/\\\/162.241.140.166\\\/~superhairfactory\\\/__production\\\/website\\\/wp-content\\\/uploads\\\/Tape-In-Hair-Extensions-Ombre-Sombre-Silky-Straight.jpg\",\"contentUrl\":\"http:\\\/\\\/162.241.140.166\\\/~superhairfactory\\\/__production\\\/website\\\/wp-content\\\/uploads\\\/Tape-In-Hair-Extensions-Ombre-Sombre-Silky-Straight.jpg\",\"width\":432,\"height\":620},{\"@type\":\"BreadcrumbList\",\"@id\":\"http:\\\/\\\/162.241.140.166\\\/~superhairfactory\\\/__production\\\/website\\\/product\\\/tape-hair-extensions-silky-straight-20-tabs\\\/#breadcrumb\",\"itemListElement\":[{\"@type\":\"ListItem\",\"position\":1,\"name\":\"Home\",\"item\":\"http:\\\/\\\/162.241.140.166\\\/~superhairfactory\\\/__production\\\/website\\\/\"},{\"@type\":\"ListItem\",\"position\":2,\"name\":\"Shop\",\"item\":\"http:\\\/\\\/162.241.140.166\\\/~superhairfactory\\\/__production\\\/website\\\/shop\\\/\"},{\"@type\":\"ListItem\",\"position\":3,\"name\":\"Tape Hair Extensions &#8211; Ombr\u00e9\\\/Sombr\u00e9 Silky Straight (20 Tabs)\"}]},{\"@type\":\"WebSite\",\"@id\":\"http:\\\/\\\/162.241.140.166\\\/~superhairfactory\\\/__production\\\/website\\\/#website\",\"url\":\"http:\\\/\\\/162.241.140.166\\\/~superhairfactory\\\/__production\\\/website\\\/\",\"name\":\"Super Hair Factory Inc.\",\"description\":\"\",\"publisher\":{\"@id\":\"http:\\\/\\\/162.241.140.166\\\/~superhairfactory\\\/__production\\\/website\\\/#organization\"},\"potentialAction\":[{\"@type\":\"SearchAction\",\"target\":{\"@type\":\"EntryPoint\",\"urlTemplate\":\"http:\\\/\\\/162.241.140.166\\\/~superhairfactory\\\/__production\\\/website\\\/?s={search_term_string}\"},\"query-input\":{\"@type\":\"PropertyValueSpecification\",\"valueRequired\":true,\"valueName\":\"search_term_string\"}}],\"inLanguage\":\"en-US\"},{\"@type\":\"Organization\",\"@id\":\"http:\\\/\\\/162.241.140.166\\\/~superhairfactory\\\/__production\\\/website\\\/#organization\",\"name\":\"Super Hair Factory, Inc\",\"url\":\"http:\\\/\\\/162.241.140.166\\\/~superhairfactory\\\/__production\\\/website\\\/\",\"logo\":{\"@type\":\"ImageObject\",\"inLanguage\":\"en-US\",\"@id\":\"http:\\\/\\\/162.241.140.166\\\/~superhairfactory\\\/__production\\\/website\\\/#\\\/schema\\\/logo\\\/image\\\/\",\"url\":\"http:\\\/\\\/162.241.140.166\\\/~superhairfactory\\\/__production\\\/website\\\/wp-content\\\/uploads\\\/SHF-Round-logo.jpg\",\"contentUrl\":\"http:\\\/\\\/162.241.140.166\\\/~superhairfactory\\\/__production\\\/website\\\/wp-content\\\/uploads\\\/SHF-Round-logo.jpg\",\"width\":486,\"height\":459,\"caption\":\"Super Hair Factory, Inc\"},\"image\":{\"@id\":\"http:\\\/\\\/162.241.140.166\\\/~superhairfactory\\\/__production\\\/website\\\/#\\\/schema\\\/logo\\\/image\\\/\"}}]}<\/script>\n<!-- \/ Yoast SEO plugin. -->","yoast_head_json":{"title":"Tape Hair Extensions - Ombr\u00e9\/Sombr\u00e9 Silky Straight (20 Tabs) - Super Hair Factory Inc.","robots":{"index":"index","follow":"follow","max-snippet":"max-snippet:-1","max-image-preview":"max-image-preview:large","max-video-preview":"max-video-preview:-1"},"canonical":"http:\/\/162.241.140.166\/~superhairfactory\/__production\/website\/product\/tape-hair-extensions-silky-straight-20-tabs\/","og_locale":"en_US","og_type":"article","og_title":"Tape Hair Extensions - Ombr\u00e9\/Sombr\u00e9 Silky Straight (20 Tabs) - Super Hair Factory Inc.","og_description":"SuperRemi\u00ae\u00a0Tape Hair Extensions\u00a0are made of the highest quality human hair available in the market today. Our tape hair extensions are equipped with our exclusive high-tech adhesive tape to guarantee aRead More >>","og_url":"http:\/\/162.241.140.166\/~superhairfactory\/__production\/website\/product\/tape-hair-extensions-silky-straight-20-tabs\/","og_site_name":"Super Hair Factory Inc.","article_modified_time":"2016-06-09T21:29:47+00:00","og_image":[{"width":432,"height":620,"url":"http:\/\/162.241.140.166\/~superhairfactory\/__production\/website\/wp-content\/uploads\/Tape-In-Hair-Extensions-Ombre-Sombre-Silky-Straight.jpg","type":"image\/jpeg"}],"twitter_misc":{"Est. reading time":"2 minutes"},"schema":{"@context":"https:\/\/schema.org","@graph":[{"@type":"WebPage","@id":"http:\/\/162.241.140.166\/~superhairfactory\/__production\/website\/product\/tape-hair-extensions-silky-straight-20-tabs\/","url":"http:\/\/162.241.140.166\/~superhairfactory\/__production\/website\/product\/tape-hair-extensions-silky-straight-20-tabs\/","name":"Tape Hair Extensions - Ombr\u00e9\/Sombr\u00e9 Silky Straight (20 Tabs) - Super Hair Factory Inc.","isPartOf":{"@id":"http:\/\/162.241.140.166\/~superhairfactory\/__production\/website\/#website"},"primaryImageOfPage":{"@id":"http:\/\/162.241.140.166\/~superhairfactory\/__production\/website\/product\/tape-hair-extensions-silky-straight-20-tabs\/#primaryimage"},"image":{"@id":"http:\/\/162.241.140.166\/~superhairfactory\/__production\/website\/product\/tape-hair-extensions-silky-straight-20-tabs\/#primaryimage"},"thumbnailUrl":"http:\/\/162.241.140.166\/~superhairfactory\/__production\/website\/wp-content\/uploads\/Tape-In-Hair-Extensions-Ombre-Sombre-Silky-Straight.jpg","datePublished":"2016-05-11T21:13:23+00:00","dateModified":"2016-06-09T21:29:47+00:00","breadcrumb":{"@id":"http:\/\/162.241.140.166\/~superhairfactory\/__production\/website\/product\/tape-hair-extensions-silky-straight-20-tabs\/#breadcrumb"},"inLanguage":"en-US","potentialAction":[{"@type":"ReadAction","target":["http:\/\/162.241.140.166\/~superhairfactory\/__production\/website\/product\/tape-hair-extensions-silky-straight-20-tabs\/"]}]},{"@type":"ImageObject","inLanguage":"en-US","@id":"http:\/\/162.241.140.166\/~superhairfactory\/__production\/website\/product\/tape-hair-extensions-silky-straight-20-tabs\/#primaryimage","url":"http:\/\/162.241.140.166\/~superhairfactory\/__production\/website\/wp-content\/uploads\/Tape-In-Hair-Extensions-Ombre-Sombre-Silky-Straight.jpg","contentUrl":"http:\/\/162.241.140.166\/~superhairfactory\/__production\/website\/wp-content\/uploads\/Tape-In-Hair-Extensions-Ombre-Sombre-Silky-Straight.jpg","width":432,"height":620},{"@type":"BreadcrumbList","@id":"http:\/\/162.241.140.166\/~superhairfactory\/__production\/website\/product\/tape-hair-extensions-silky-straight-20-tabs\/#breadcrumb","itemListElement":[{"@type":"ListItem","position":1,"name":"Home","item":"http:\/\/162.241.140.166\/~superhairfactory\/__production\/website\/"},{"@type":"ListItem","position":2,"name":"Shop","item":"http:\/\/162.241.140.166\/~superhairfactory\/__production\/website\/shop\/"},{"@type":"ListItem","position":3,"name":"Tape Hair Extensions &#8211; Ombr\u00e9\/Sombr\u00e9 Silky Straight (20 Tabs)"}]},{"@type":"WebSite","@id":"http:\/\/162.241.140.166\/~superhairfactory\/__production\/website\/#website","url":"http:\/\/162.241.140.166\/~superhairfactory\/__production\/website\/","name":"Super Hair Factory Inc.","description":"","publisher":{"@id":"http:\/\/162.241.140.166\/~superhairfactory\/__production\/website\/#organization"},"potentialAction":[{"@type":"SearchAction","target":{"@type":"EntryPoint","urlTemplate":"http:\/\/162.241.140.166\/~superhairfactory\/__production\/website\/?s={search_term_string}"},"query-input":{"@type":"PropertyValueSpecification","valueRequired":true,"valueName":"search_term_string"}}],"inLanguage":"en-US"},{"@type":"Organization","@id":"http:\/\/162.241.140.166\/~superhairfactory\/__production\/website\/#organization","name":"Super Hair Factory, Inc","url":"http:\/\/162.241.140.166\/~superhairfactory\/__production\/website\/","logo":{"@type":"ImageObject","inLanguage":"en-US","@id":"http:\/\/162.241.140.166\/~superhairfactory\/__production\/website\/#\/schema\/logo\/image\/","url":"http:\/\/162.241.140.166\/~superhairfactory\/__production\/website\/wp-content\/uploads\/SHF-Round-logo.jpg","contentUrl":"http:\/\/162.241.140.166\/~superhairfactory\/__production\/website\/wp-content\/uploads\/SHF-Round-logo.jpg","width":486,"height":459,"caption":"Super Hair Factory, Inc"},"image":{"@id":"http:\/\/162.241.140.166\/~superhairfactory\/__production\/website\/#\/schema\/logo\/image\/"}}]}},"_links":{"self":[{"href":"http:\/\/162.241.140.166\/~superhairfactory\/__production\/website\/wp-json\/wp\/v2\/product\/778","targetHints":{"allow":["GET"]}}],"collection":[{"href":"http:\/\/162.241.140.166\/~superhairfactory\/__production\/website\/wp-json\/wp\/v2\/product"}],"about":[{"href":"http:\/\/162.241.140.166\/~superhairfactory\/__production\/website\/wp-json\/wp\/v2\/types\/product"}],"replies":[{"embeddable":true,"href":"http:\/\/162.241.140.166\/~superhairfactory\/__production\/website\/wp-json\/wp\/v2\/comments?post=778"}],"wp:featuredmedia":[{"embeddable":true,"href":"http:\/\/162.241.140.166\/~superhairfactory\/__production\/website\/wp-json\/wp\/v2\/media\/802"}],"wp:attachment":[{"href":"http:\/\/162.241.140.166\/~superhairfactory\/__production\/website\/wp-json\/wp\/v2\/media?parent=778"}],"wp:term":[{"taxonomy":"product_brand","embeddable":true,"href":"http:\/\/162.241.140.166\/~superhairfactory\/__production\/website\/wp-json\/wp\/v2\/product_brand?post=778"},{"taxonomy":"product_cat","embeddable":true,"href":"http:\/\/162.241.140.166\/~superhairfactory\/__production\/website\/wp-json\/wp\/v2\/product_cat?post=778"},{"taxonomy":"product_tag","embeddable":true,"href":"http:\/\/162.241.140.166\/~superhairfactory\/__production\/website\/wp-json\/wp\/v2\/product_tag?post=778"}],"curies":[{"name":"wp","href":"https:\/\/api.w.org\/{rel}","templated":true}]}}